21 a prime number?
True
Is 1719449 a composite number?
True
Is 1485120991 a composite number?
False
Is 9408739 prime?
False
Is 137297 prime?
False
Is 173286907 a prime number?
False
Is 30920639 prime?
False
Is 59776291 a prime number?
True
Is 17091353 composite?
True
Is 22306231 a prime number?
True
Is 4080121 a prime number?
True
Is 73993571 a prime number?
False
Is 115179 a composite number?
True
Is 7633721 prime?
False
Is 73422329 a composite number?
False
Is 207280793 a composite number?
True
Is 1439149 composite?
True
Is 14789585 composite?
True
Is 2702347 a prime number?
True
Is 30766349 prime?
True
Is 4095881 composite?
False
Is 4036273 prime?
True
Is 348233 a prime number?
False
Is 15997807 prime?
False
Is 47489207 prime?
True
Is 24213811 a prime number?
False
Is 4899733 a prime number?
True
Is 5207 a prime number?
False
Is 30472051 prime?
False
Is 81227629 prime?
False
Is 42663689 prime?
False
Is 78198539 a prime number?
True
Is 330225769 composite?
False
Is 425840249 a composite number?
False
Is 809187977 composite?
True
Is 9186355 prime?
False
Is 11662993 prime?
True
Is 34636751 a composite number?
True
Is 200333 prime?
False
Is 1396387 a composite number?
False
Is 10503182 a composite number?
True
Is 17340553 a composite number?
False
Is 6699703 a composite number?
False
Is 105735661 a prime number?
True
Is 4317647 prime?
False
Is 4202359 a prime number?
False
Is 21232307 prime?
True
Is 889333 prime?
False
Is 107554103 a prime number?
False
Is 21554369 prime?
False
Is 13016307 composite?
True
Is 534827 prime?
True
Is 24639037 a composite number?
True
Is 5651707 composite?
False
Is 1062101 prime?
False
Is 1250849 a composite number?
True
Is 525463 a composite number?
True
Is 7686449 a composite number?
False
Is 50908721 a prime number?
True
Is 3794591 composite?
True
Is 274792363 composite?
False
Is 506963 composite?
False
Is 81120433 a composite number?
False
Is 21342631 composite?
False
Is 52857553 a composite number?
True
Is 19245137 composite?
True
Is 38904137 composite?
False
Is 268043 a composite number?
False
Is 58485653 composite?
False
Is 3419609 a prime number?
True
Is 650818697 a composite number?
False
Is 88579193 a composite number?
False
Is 640329626 prime?
False
Is 91880693 a prime number?
True
Is 2662414 composite?
True
Is 14370595 a prime number?
False
Is 3482839 prime?
False
Is 409334413 prime?
False
Is 64530773 a prime number?
True
Is 4613 prime?
False
Is 3290582 a composite number?
True
Is 38358821 a composite number?
True
Is 96379307 a prime number?
False
Is 40258583 a composite number?
True
Is 23459789 composite?
False
Is 48233537 a prime number?
False
Is 11818011 composite?
True
Is 3226306 composite?
True
Is 234840259 composite?
True
Is 30059489 a prime number?
True
Is 3358723 composite?
False
Is 443023531 a prime number?
True
Is 11122373 prime?
False
Is 69408127 a composite number?
True
Is 835207 a prime number?
True
Is 306447223 prime?
False
Is 490661 prime?
True
Is 61001177 prime?
False
Is 26202433 prime?
True
Is 17237567 a prime number?
True
Is 6352933 a composite number?
False
Is 3095539 a composite number?
False
Is 1122689 a prime number?
False
Is 9251827 prime?
False
Is 6852361 a composite number?
True
Is 16271107 a composite number?
False
Is 125127601 prime?
False
Is 68710997 a composite number?
False
Is 140466721 prime?
True
Is 1312459 prime?
True
Is 1133671543 a composite number?
False
Is 7645991 composite?
False
Is 1724299 prime?
True
Is 7045517 composite?
False
Is 1418790614 a prime number?
False
Is 368255933 a composite number?
True
Is 1491157 prime?
True
Is 70746029 a composite number?
True
Is 8382289 a composite number?
False
Is 14083453 a prime number?
True
Is 306312593 a prime number?
True
Is 232580549 a composite number?
False
Is 15977561 a prime number?
False
Is 1740397 a composite number?
True
Is 12895459 composite?
True
Is 17955219 prime?
False
Is 3893587 composite?
True
Is 7073569 a composite number?
True
Is 357149263 composite?
False
Is 14949553 composite?
False
Is 3110795 a prime number?
False
Is 183578009 a composite number?
False
Is 4792063 a prime number?
True
Is 1576564421 a composite number?
False
Is 69602137 composite?
True
Is 26441897 prime?
True
Is 230754703 a prime number?
True
Is 28943443 prime?
True
Is 186739681 prime?
True
Is 1494247 prime?
True
Is 26630878 a prime number?
False
Is 14174162 a composite number?
True
Is 21598289 prime?
False
Is 10033963 prime?
True
Is 74946741 prime?
False
Is 13393421 prime?
False
Is 69561157 composite?
True
Is 8243593 a composite number?
True
Is 77695073 composite?
True
Is 447818611 a composite number?
True
Is 14963909 composite?
True
Is 520651 composite?
True
Is 7153483 prime?
False
Is 51297469 prime?
True
Is 35984309 composite?
True
Is 90578099 a prime number?
False
Is 268631423 prime?
True
Is 494881 a composite number?
True
Is 731791 a composite number?
True
Is 3617533 a prime number?
True
Is 12401671 prime?
True
Is 25267465 composite?
True
Is 58664779 composite?
True
Is 430901 a prime number?
False
Is 13702561 a composite number?
True
Is 509203 prime?
True
Is 366127 composite?
False
Is 90475642 composite?
True
Is 27685781 composite?
False
Is 73445213 composite?
True
Is 3828659 a prime number?
True
Is 3472433 a prime number?
True
Is 114172703 a composite number?
False
Is 9804109 composite?
True
Is 36151 a prime number?
True
Is 11944631 a prime number?
True
Is 83907841 a composite number?
True
Is 214368199 composite?
True
Is 1471507 a composite number?
True
Is 344789087 composite?
True
Is 6372131 a composite number?
False
Is 3072617 a prime number?
False
Is 74462783 prime?
True
Is 411600053 a composite number?
True
Is 8668642 prime?
False
Is 185846273 a composite number?
False
Is 2484917 composite?
False
Is 10811359 a prime number?
False
Is 119432618 prime?
False
Is 6414581 composite?
False
Is 5915401 a prime number?
True
Is 73566161 prime?
False
Is 73113091 composite?
False
Is 392788021 a prime number?
True
Is 198993757 a composite number?
True
Is 4358479 a composite number?
True
Is 44669413 composite?
False
Is 139410605 prime?
False
Is 85089793 composite?
False
Is 616614763 prime?
False
Is 238064767 a composite number?
False
Is 6640363 prime?
False
Is 1277839 a composite number?
True
Is 893777 a prime number?
True
Is 113581 a composite number?
True
Is 81636433 prime?
False
Is 102212507 a composite number?
False
Is 30067501 a prime number?
True
Is 32527769 composite?
False
Is 2569961 prime?
True
Is 32183807 a composite number?
False
Is 10988063 a composite number?
True
Is 3561359 a composite number?
False
Is 10663643 a composite number?
False
Is 3142623955 composite?
True
Is 50442599 a composite number?
False
Is 6784499 a prime number?
True
Is 978323023 composite?
False
Is 410953 composite?
False
Is 15099141 a composite number?
True
Is 7763681 prime?
False
Is 462835 composite?
True
Is 18497 prime?
False
Is 294743901 prime?
False
Is 190185053 a prime number?
False
Is 34959979 prime?
True
Is 122756971 composite?
True
Is 89097926 a composite number?
True
Is 13890379 composite?
False
Is 43046579 prime?
True
Is 386279 a composite number?
False
Is 60931829 composite?
True
Is 18315629 prime?
False
Is 238073039 prime?
True
Is 1351477 a prime number?
False
Is 4468507 composite?
True
Is 93146147 composite?
True
Is 84292283 prime?
True
Is 381916961 a composite number?
False
Is 1219703 prime?
True
Is 2115937 composite?
False
Is 4494791 a composite number?
True
Is 1844695 composite?
True
Is 306877997 a prime number?
True
Is 9779201 prime?
True
Is 2340241 a composite number?
False
Is 152997631 prime?
False
Is 1900799 a prime number?
False
Is 24587887 prime?
True
Is 11546333 a prime number?
False
Is 8650597 prime?
True
Is 51901013 prime?
False
Is 359441 a composite number?
False
Is 449741 prime?
True
Is 48697757 composite?
True
Is 13807033 composite?
True
Is 17187249 composite?
True
Is 58017497 prime?
True
Is 216481 a composite number?
False
Is 135831229 a prime number?
False
Is 52420009 composite?
True
Is 3374671 a prime number?
True
Is 2647383 composite?
True
Is 9112903 a prime number?
False
Is 39402907 a composite number?
True
Is 789115 a composite number?
True
Is 11120639 a prime number?
False
Is 26157907 a composite number?
False
Is 1981781 a c